ided by 33.
22
Calculate the remainder when 7325 is divided by 111.
110
What is the remainder when 3096 is divided by 310?
306
What is the remainder when 638 is divided by 19?
11
What is the remainder when 212 is divided by 199?
13
What is the remainder when 1969 is divided by 58?
55
What is the remainder when 805 is divided by 311?
183
What is the remainder when 156 is divided by 82?
74
Calculate the remainder when 3886 is divided by 25.
11
Calculate the remainder when 5831 is divided by 971.
5
What is the remainder when 75 is divided by 8?
3
Calculate the remainder when 1360 is divided by 74.
28
Calculate the remainder when 478 is divided by 45.
28
Calculate the remainder when 561 is divided by 94.
91
Calculate the remainder when 1724 is divided by 48.
44
What is the remainder when 3400 is divided by 21?
19
What is the remainder when 13711 is divided by 65?
61
Calculate the remainder when 419 is divided by 17.
11
Calculate the remainder when 3027 is divided by 41.
34
What is the remainder when 48859 is divided by 140?
139
Calculate the remainder when 21885 is divided by 16.
13
What is the remainder when 59 is divided by 34?
25
What is the remainder when 3025 is divided by 4?
1
Calculate the remainder when 1233 is divided by 1221.
12
Calculate the remainder when 1481 is divided by 7.
4
What is the remainder when 772 is divided by 97?
93
What is the remainder when 67 is divided by 35?
32
Calculate the remainder when 827 is divided by 77.
57
Calculate the remainder when 2294 is divided by 35.
19
Calculate the remainder when 882 is divided by 52.
50
What is the remainder when 2781 is divided by 116?
113
Calculate the remainder when 348 is divided by 85.
8
What is the remainder when 326 is divided by 37?
30
Calculate the remainder when 287 is divided by 116.
55
What is the remainder when 519 is divided by 58?
55
Calculate the remainder when 26 is divided by 15.
11
What is the remainder when 44 is divided by 30?
14
What is the remainder when 106 is divided by 12?
10
What is the remainder when 2367 is divided by 8?
7
What is the remainder when 630 is divided by 84?
42
What is the remainder when 207 is divided by 96?
15
What is the remainder when 135 is divided by 42?
9
Calculate the remainder when 20319 is divided by 32.
31
What is the remainder when 247 is divided by 62?
61
What is the remainder when 7384 is divided by 211?
210
What is the remainder when 1217 is divided by 58?
57
What is the remainder when 96 is divided by 35?
26
What is the remainder when 3064 is divided by 52?
48
What is the remainder when 125 is divided by 21?
20
Calculate the remainder when 185 is divided by 62.
61
Calculate the remainder when 487 is divided by 82.
77
What is the remainder when 1879 is divided by 40?
39
Calculate the remainder when 561 is divided by 30.
21
Calculate the remainder when 1399 is divided by 100.
99
What is the remainder when 490 is divided by 129?
103
What is the remainder when 67 is divided by 53?
14
What is the remainder when 84 is divided by 33?
18
What is the remainder when 460 is divided by 459?
1
What is the remainder when 36 is divided by 27?
9
What is the remainder when 528 is divided by 9?
6
Calculate the remainder when 28136 is divided by 113.
112
What is the remainder when 7917 is divided by 11?
8
Calculate the remainder when 148 is divided by 34.
12
What is the remainder when 1869 is divided by 24?
21
What is the remainder when 8 is divided by 2?
0
What is the remainder when 905 is divided by 73?
29
Calculate the remainder when 68 is divided by 2.
0
What is the remainder when 669 is divided by 654?
15
Calculate the remainder when 295 is divided by 2.
1
What is the remainder when 597 is divided by 46?
45
Calculate the remainder when 108 is divided by 70.
38
What is the remainder when 129 is divided by 24?
9
Calculate the remainder when 2868 is divided by 945.
33
Calculate the remainder when 3263 is divided by 31.
8
Calculate the remainder when 1829 is divided by 14.
9
Calculate the remainder when 1719 is divided by 123.
120
What is the remainder when 120 is divided by 48?
24
What is the remainder when 1167 is divided by 403?
361
Calculate the remainder when 1579 is divided by 736.
107
What is the remainder when 162 is divided by 48?
18
What is the remainder when 530 is divided by 38?
36
Calculate the remainder when 46 is divided by 25.
21
Calculate the remainder when 764 is divided by 51.
50
Calculate the remainder when 2884 is divided by 37.
35
Calculate the remainder when 549 is divided by 10.
9
Calculate the remainder when 249 is divided by 29.
17
What is the remainder when 281 is divided by 48?
41
What is the remainder when 464 is divided by 26?
22
What is the remainder when 469 is divided by 77?
7
Calculate the remainder when 110 is divided by 16.
14
What is the remainder when 516 is divided by 146?
78
Calculate the remainder when 69 is divided by 24.
21
What is the remainder when 133 is divided by 29?
17
What is the remainder when 2191 is divided by 156?
7
What is the remainder when 456 is divided by 17?
14
What is the remainder when 1353 is divided by 59?
55
Calculate the remainder when 886 is divided by 295.
1
What is the remainder when 238 is divided by 49?
42
What is the remainder when 45 is divided by 8?
5
Calculate the remainder when 743 is divided by 62.
61
Calculate the remainder when 193 is divided by 29.
19
Calculate the remainder when 156 is divided by 53.
50
What is the remainder when 653 is divided by 60?
53
Calculate the remainder when 326 is divided by 47.
44
Calculate the remainder when 225 is divided by 125.
100
Calculate the remainder when 1437 is divided by 246.
207
What is the remainder when 918 is divided by 198?
126
Calculate the remainder when 202 is divided by 43.
30
Calculate the remainder when 484 is divided by 217.
50
What is the remainder when 6311 is divided by 77?
74
Calculate the remainder when 1303 is divided by 17.
11
Calculate the remainder when 83 is divided by 12.
11
Calculate the remainder when 3957 is divided by 40.
37
What is the remainder when 303 is divided by 27?
6
Calculate the remainder when 328 is divided by 10.
8
What is the remainder when 636 is divided by 80?
76
What is the remainder when 935 is divided by 39?
38
Calculate the remainder when 223 is divided by 12.
7
Calculate the remainder when 311 is divided by 12.
11
What is the remainder when 484 is divided by 473?
11
What is the remainder when 351 is divided by 121?
109
Calculate the remainder when 596 is divided by 98.
8
Calculate the remainder when 1573 is divided by 524.
1
Calculate the remainder when 2157 is divided by 45.
42
Calculate the remainder when 210 is divided by 21.
0
Calculate the remainder when 35 is divided by 26.
9
Calculate the remainder when 100 is divided by 73.
27
What is the remainder when 348 is divided by 37?
15
What is the remainder when 352 is divided by 60?
52
What is the remainder when 964 is divided by 7?
5
Calculate the remainder when 360 is divided by 46.
38
What is the remainder when 214 is divided by 93?
28
Calculate the remainder when 560 is divided by 197.
166
Calculate the remainder when 2771 is divided by 38.
35
What is the remainder when 4352 is divided by 44?
40
Calculate the remainder when 3411 is divided by 3.
0
What is the remainder when 94 is divided by 39?
16
What is the remainder when 198 is divided by 21?
9
What is the remainder when 5245 is divided by 35?
30
What is the remainder when 2959 is divided by 8?
7
What is the remainder when 235 is divided by 48?
43
What is the remainder when 70 is divided by 65?
5
What is the remainder when 1768 is divided by 59?
57
What is the remainder when 2431 is divided by 135?
1
What is the remainder when 390 is divided by 22?
16
What is the remainder when 89 is divided by 4?
1
What is the remainder when 269 is divided by 197?
72
What is the remainder when 43 is divided by 22?
21
Calculate the remainder when 672 is divided by 45.
42
What is the remainder when 2207 is divided by 69?
68
Calculate the remainder when 681 is divided by 145.
101
Calculate the remainder when 33 is divided by 30.
3
Calculate the remainder when 2904 is divided by 51.
48
Calculate the remainder when 2300 is divided by 752.
44
Calculate the remainder when 1356 is divided b